00332
In base 16, what is -4 - -fdd?
fd9
In base 5, what is -112021 - -4?
-112012
In base 3, what is 22012 + -11?
22001
In base 10, what is 3 + 134?
137
In base 6, what is 12 - -11?
23
In base 3, what is 21120201 - 1?
21120200
In base 2, what is -10110 + 11011?
101
In base 10, what is 6 + -1900?
-1894
In base 11, what is -1321 - -3?
-1319
In base 11, what is 0 + -1905?
-1905
In base 16, what is c - -9f?
ab
In base 11, what is 2 + 122?
124
In base 9, what is -5 - 10205?
-10211
In base 4, what is -13 + 1321?
1302
In base 11, what is 1 - 52a?
-529
In base 5, what is 314 + 4?
323
In base 9, what is -16 + 26?
10
In base 10, what is 3 + 37?
40
In base 11, what is -4 - 130?
-134
In base 5, what is -31334 - -13?
-31321
In base 8, what is -4 - -306?
302
In base 14, what is -1a - 545?
-561
In base 2, what is -1 - 101011101100?
-101011101101
In base 2, what is 100100101 + 0?
100100101
In base 11, what is 1 + 19?
1a
In base 15, what is -1 - 19?
-1a
In base 11, what is -6 - -6a4?
699
In base 2, what is -1100001 + 110001?
-110000
In base 4, what is -11 - 130021?
-130032
In base 3, what is 20020 + -2?
20011
In base 9, what is 0 + -45?
-45
In base 15, what is 1 - -230?
231
In base 8, what is 6336 + 5?
6343
In base 11, what is 4 + 38?
41
In base 14, what is -172c + 7?
-1725
In base 10, what is -13 - -3?
-10
In base 14, what is 96 + 0?
96
In base 13, what is -102b - 1?
-102c
In base 8, what is 424 - -5?
431
In base 12, what is 129 - 38?
b1
In base 5, what is 0 - -22?
22
In base 12, what is 3 + 5?
8
In base 3, what is 1002200211 - -11?
1002200222
In base 16, what is -9 - -42?
39
In base 12, what is -24 - -5a?
36
In base 5, what is -41301 - 1?
-41302
In base 2, what is 1 - -10101?
10110
In base 10, what is 173 - 5?
168
In base 16, what is 1c + 7?
23
In base 14, what is -5 - 28a?
-291
In base 4, what is -132132 + 3?
-132123
In base 5, what is 4 - 313?
-304
In base 8, what is -3 + -7345?
-7350
In base 6, what is 125442 + -1?
125441
In base 13, what is 1824 + 2?
1826
In base 14, what is 2 - -5a?
5c
In base 6, what is -30 + -45?
-115
In base 3, what is -10 - -11112?
11102
In base 11, what is 3 - 5057?
-5054
In base 4, what is 0 - 223?
-223
In base 13, what is -1b + -158?
-176
In base 2, what is 10 + 111010111?
111011001
In base 2, what is -11011 - 1011?
-100110
In base 4, what is -1 + 2003201?
2003200
In base 4, what is -10311 - -2?
-10303
In base 3, what is -11 - 1110?
-1121
In base 11, what is 3 - -a60?
a63
In base 12, what is 194 + -22?
172
In base 3, what is -11111 + 2211?
-1200
In base 9, what is 45 - 12?
33
In base 7, what is 325 + 6?
334
In base 7, what is 0 - 2266?
-2266
In base 12, what is -186 + -7?
-191
In base 16, what is 1b34 - -1?
1b35
In base 16, what is -2 + -183?
-185
In base 14, what is 1b5 - -1?
1b6
In base 11, what is 4 - -24a?
253
In base 8, what is 2 - 153?
-151
In base 4, what is 1010 - -203?
1213
In base 14, what is -12 - 201?
-213
In base 9, what is 445 - 14?
431
In base 16, what is -3 - -da?
d7
In base 5, what is -13 - 43?
-111
In base 7, what is 2040 + 11?
2051
In base 6, what is -4044 - 0?
-4044
In base 9, what is -5 + -1343?
-1348
In base 9, what is 15 + -438?
-423
In base 14, what is bd - 3?
ba
In base 13, what is -5 - 289?
-291
In base 4, what is -31020 + 1?
-31013
In base 16, what is 37 - 10?
27
In base 9, what is -4 - 53?
-57
In base 16, what is 5 - -3fc?
401
In base 15, what is -1d + 2?
-1b
In base 15, what is -2 + -104d?
-1050
In base 12, what is 5 + 157?
160
In base 8, what is -26 + 1650?
1622
In base 12, what is 674 + 4?
678
In base 16, what is -15 - -1d?
8
In base 4, what is -333 - 1123?
-2122
In base 8, what is 673 - 3?
670
In base 10, what is -5653 - -3?
-5650
In base 4, what is 323 + 1?
330
In base 7, what is 2 - -6625?
6630
In base 13, what is -a + -2c?
-39
In base 5, what is -42 - 4?
-101
In base 10, what is 1 + -50?
-49
In base 8, what is 5456 - -3?
5461
In base 15, what is -9b + b?
-90
In base 11, what is -54 + -5?
-59
In base 10, what is -17 - 507?
-524
In base 3, what is -121020 - -12?
-121001
In base 5, what is 13 + 12?
30
In base 11, what is 3 - 1377?
-1374
In base 15, what is 0 - 3b?
-3b
In base 13, what is 42 + 5?
47
In base 4, what is -1300 - -12?
-1222
In base 16, what is 10 - -38?
48
In base 16, what is 386 + 2?
388
In base 12, what is 18165 + 4?
18169
In base 5, what is 0 - 1402?
-1402
In base 16, what is 19 - -3b?
54
In base 13, what is -3 - 390?
-393
In base 3, what is 12 + 11?
100
In base 3, what is -10 - 21201?
-21211
In base 4, what is -2 - -2112132?
2112130
In base 4, what is 3 + -1312?
-1303
In base 8, what is 41 + -50?
-7
In base 2, what is -11001 + -110100001?
-110111010
In base 14, what is -17 - -154?
13b
In base 2, what is -111010010 - 1010?
-111011100
In base 10, what is -102 + 13?
-89
In base 13, what is 26 + b?
34
In base 16, what is -4b1 - 3?
-4b4
In base 7, what is 0 + 520?
520
In base 6, what is -3 + 45?
42
In base 13, what is -11 + -268?
-279
In base 12, what is 1a - 2a8?
-28a
In base 16, what is -1a2 - 2?
-1a4
In base 11, what is -1 + -512?
-513
In base 9, what is 6 - -333?
340
In base 16, what is -24 + -b?
-2f
In base 16, what is 1cd + 9?
1d6
In base 4, what is 2023 + 10?
2033
In base 12, what is 2133 + 0?
2133
In base 6, what is -4010 - -2?
-4004
In base 4, what is -110 + -1?
-111
In base 12, what is -124 + -3?
-127
In base 9, what is 2030 - 1?
2028
In base 8, what is 2 - -1736?
1740
In base 4, what is -1 - 2203?
-2210
In base 6, what is -3 - 54?
-101
In base 4, what is 10 - 312033?
-312023
In base 16, what is 5 + -113?
-10e
In base 6, what is -30 + 0?
-30
In base 14, what is 0 - -45b?
45b
In base 8, what is -14 + -7?
-23
In base 11, what is -10a + 2?
-108
In base 10, what is -55 + -10?
-65
In base 4, what is 133 + 100?
233
In base 2, what is 11 + 10110111?
10111010
In base 11, what is -5094 + 5?
-508a
In base 3, what is 22 - -202?
1001
In base 12, what is -66b6 - 2?
-66b8
In base 3, what is 211 - 2222?
-2011
In base 14, what is 3 + 60?
63
In base 13, what is 5 + -22?
-1a
In base 9, what is -25851 - -5?
-25845
In base 3, what is -101 - -1101?
1000
In base 5, what is 22 + -304?
-232
In base 14, what is -7d8 + 3?
-7d5
In base 8, what is -167 + -124?
-313
In base 7, what is 1 + 263?
264
In base 11, what is 786 - -6?
791
In base 12, what is -3 - -47?
44
In base 11, what is -169 + 5?
-164
In base 7, what is -62 + 246?
154
In base 6, what is 2 + 311?
313
In base 14, what is -236 + 3?
-233
In base 16, what is 8 + a?
12
In base 13, what is -2a - 2?
-2c
In base 8, what is 2 + -672?
-670
In base 7, what is 551 - -3?
554
In base 9, what is -3 + -614?
-617
In base 6, what is 15 + -123?
-104
In base 14, what is -218 - -4?
-214
In base 16, what is 3 + 155d?
1560
In base 6, what is -251 + -3?
-254
In base 4, what is 0 - -2323?
2323
In base 10, what is -22 - 4?
-26
In base 2, what is -1011100001 + 11?
-1011011110
In base 2, what is -10011 + 11?
-10000
In base 15, what is 83d + 4?
842
In base 6, what is 5 - -20034?
20043
In base 14, what is -2 + -235c?
-2360
In base 2, what is 1001000 + 10?
1001010
In base 4, what is -1 + -120?
-121
In base 4, what is 320 + 210?
1130
In base 4, what is 31 - 12?
13
In base 15, what is -5 + b0d?
b08
In base 11, what is -2 + 13a?
138
In base 16, what is -370 - 6?
-376
In base 15, what is b17 - 1?
b16
In base 11, what is 1 - -27?
28
In base 16, what is 8 - -39?
41
In base 3, what is 10 + 201022?
201102
In base 14, what is -116 - -3?
-113
In base 6, what is -104 - 1011?
-1115
In base 11, what is -24a - 0?
-24a
In base 8, what is -1 - -224?
223
In base 6, what is 44 + -455?
-411
In base 8, what is -101 + -2?
-103
In base 14, what is -4 + 21?
1b
In base 9, what is 1458 + -2?
1456
In base 12, what is 2 - -22?
24
In base 16, what is 395 - 3?
392
In base 4, what is -10200 - -10?
-10130
In base 11, what is -1 + -6a?
-70
In base 5, what is -2 - 3314?
-3321
In base 14, what is a6 + 2?
a8
In base 11, what is -55 - -93?
39
In base 10, what is -1062 - -4?
-1058
In base 15, what is b + 43?
4e
In base 13, what is 0 + 6a?
6a
In base 7, what is -31 - 1?
-32
In base 16, what is -73 - 3?
-76
In base 4, what is -20 - 3?
-23
In base 15, what is -529 - 1?
-52a
In base 6, what is 1150 + -20?
1130
In base 14, what is 0 + -dcd?
-dcd
In base 8, what is -1 + 142?
141
In base 15, what is -2 + -11d7?
-